What is the units digit of p(12)?
7
Let l(h) = -h**2 + 12*h + 15. Let x be l(13). Let u(d) = 3*d**3 + d**2 + d - 3. What is the tens digit of u(x)?
2
Suppose 0*o - 2*o + 20 = 0. Let w = -17 + o. Let i = -5 - w. What is the units digit of i?
2
Suppose -3*a + 7 = -z, 2*z - 2 = -5*a + 6. Suppose 26 = a*s - 20. What is the units digit of s?
3
Suppose 4*r - 175 = -3*s, 3*s + 109 = 5*s - 5*r. What is the units digit of s?
7
Let x(n) be the third derivative of -n**5/60 - n**3/6 - n**2. Let c(k) = k**3 - 7*k**2 + 2*k + 1. Let h(p) = -c(p) + 2*x(p). What is the units digit of h(4)?
5
What is the tens digit of -2 - -18 - -1*2?
1
Suppose i = -5, -2*r = 2*i - 1 + 7. What is the tens digit of ((-8)/16)/(r/(-84))?
2
Suppose 3*f - 15 = -2*u - 0, u = -4*f + 15. Suppose 2*t - 3*h - 34 = -5*h, -u*h = -5*t + 45. What is the tens digit of t?
1
What is the units digit of (-6)/(-4) + (-642)/(-12)?
5
Suppose -6*h + h = -305. What is the units digit of h?
1
Suppose 4*t + t - 180 = 0. What is the tens digit of t?
3
Let m(d) = -d - 3*d + 2*d. Let l be m(1). Let y = 1 - l. What is the units digit of y?
3
Let m = -103 - -168. Suppose -m = 2*b - 171. What is the units digit of b?
3
Let g(t) = 4*t**2 - 3*t + 2. Let c(y) = y**2 - 6*y + 2. Let x be c(6). Let m be g(x). What is the units digit of ((-7)/(14/m))/(-2)?
3
Suppose 2*s = -s - 15, -5*h - 40 = 2*s. Let v be (6 - -3)*(-2)/h. Suppose -m + 11 = v*f, -5*m + 7 = -2*f + f. What is the units digit of m?
2
What is the units digit of 390 - (-5 + 7 + -2)?
0
Let b = -6 + -26. Let z be b/(-2*(-3)/6). Let q = -16 - z. What is the units digit of q?
6
Let l = -36 + 104. What is the tens digit of l?
6
Suppose -r = -5*j + 363, 5*j + r - 367 = -0*r. What is the units digit of j?
3
Suppose 5*i - 17 - 68 = -l, l - 68 = -4*i. What is the tens digit of i?
1
Let l = 0 - -7. Let p(u) = -l + 3*u + u - 6*u. What is the units digit of p(-7)?
7
Let l(p) = 1. Let i(k) = -15*k - 5. Let v(u) = -i(u) - 4*l(u). What is the tens digit of v(1)?
1
Let s = -964 - -1379. What is the tens digit of s?
1
Suppose -3*i + 1 = 2*k - 14, k - 15 = -3*i. Suppose o + 33 = 6*o + u, 0 = -i*o - 2*u + 36. What is the units digit of (-2 - (1 - 2)) + o?
5
Let y = 37 - 18. Let f = -20 - -48. Let c = f - y. What is the units digit of c?
9
Suppose -4*k + 3*k + 17 = -w, k = -1. What is the tens digit of 632/15 + w/135?
4
Let z(i) = -3*i - 16. Let g be z(-12). Suppose -2*u - 5*q = -3*u + 40, -4*q = g. What is the tens digit of u?
1
Let q(d) be the second derivative of -2*d**3/3 + 5*d**2/2 + 7*d. What is the units digit of q(-9)?
1
Let h be 1/((-2)/(-274)*1). Let d = h - 95. What is the tens digit of d?
4
Suppose 0*q - 2 = -q. What is the units digit of q?
2
Let q(d) be the second derivative of d**6/720 + d**5/24 - d**4/12 - d. Let b(r) be the third derivative of q(r). What is the units digit of b(-4)?
1
Let j be (0 + 2)*(2 - 1). Suppose -5*q + j = -8. What is the units digit of (-74)/(-14) - q/7?
5
Let i = -1 - -4. Suppose -5*a - 13 + 3 = 0. Let p = i + a. What is the units digit of p?
1
Suppose 4*z + k = 15, -3*k - 3 = -3*z - k. Let i be (-6)/(-1)*z/9. What is the units digit of i/10 - 132/(-15)?
9
Let m = 502 + -356. What is the units digit of m?
6
Let f = -157 - -190. What is the tens digit of f?
3
Let g(j) = -j**3 + 8*j**2 + 3. Let r be g(8). Let w(f) = 28*f. Let i be w(2). Suppose c = -r*c + i. What is the units digit of c?
4
Let y(m) = -m**3 - 9*m**2 - 13*m - 10. What is the units digit of y(-8)?
0
Let a(r) = -r. Let g be a(0). Let v be g*3/6 + 1. What is the units digit of 3/v*(-2)/(-3)?
2
Let w(f) = -2*f**3 - 2*f**2 + f - 1. What is the tens digit of w(-3)?
3
Suppose 2*d - 31 = d. Suppose 5*q = -s + q + 10, -s + 3*q = -d. Let f = s - 14. What is the units digit of f?
8
Let v = 3 - -21. What is the units digit of v?
4
Let g(z) = -z**2 + 4*z - 6. Let h be g(4). Let f(v) = -v**2 - 8*v - 2. What is the tens digit of f(h)?
1
Suppose 0 = g - 4*g. Suppose 5*f = -0*f + 10. Let s = f + g. What is the units digit of s?
2
Suppose 2*h - 12 - 2 = 2*p, 5*h = -p + 29. Suppose 12 = -3*w, 2 = h*c - 5*c + 2*w. What is the units digit of c?
0
Suppose 2*i - 9 = 13. What is the units digit of i?
1
Let x be 53/1*(1 + 1). Suppose 0*p + p - 76 = -3*v, 3*v - 5*p - x = 0. Suppose 3 + v = 2*f. What is the units digit of f?
5
Let l(c) = 28*c**2 - 1. Let t be l(1). Suppose -3*z + 9 = t. What is the units digit of -2*(-6)/(-8)*z?
9
Suppose -7*b + 2*b = -g - 7, 3*b = -5*g - 63. What is the tens digit of 7/(-42) + (-218)/g?
1
Suppose 4*y + 16 = -2*d, d - 3*y - 7 = -2*y. Suppose -27 = -3*f + p + d*p, 2*p + 26 = 4*f. Suppose 3*c - f = c. What is the units digit of c?
2
Let c(g) = 24*g**2 + 12*g - 2. What is the hundreds digit of c(-4)?
3
Suppose -2872 = -7*p - 1150. What is the tens digit of p?
4
Let l(t) be the second derivative of -19*t**4/12 + t**3/6 + t. Let x be l(-1). Let y = -13 - x. What is the units digit of y?
7
Let n = 3 - 5. What is the units digit of ((-7)/2 - 2)*n?
1
Suppose 2*a - 3*a = 3. Let y be -2 + (-3*7)/a. Suppose -y*n - 45 = -10*n. What is the units digit of n?
9
Let w(r) = r**2 - 5. Let c be w(0). What is the units digit of (-69)/(-3) + (c - -5)?
3
Suppose 42 = 4*w + z + 9, 5*z = -w - 6. Suppose -24 = -2*l + 3*m, -3*l - w = -3*m - 42. What is the units digit of l?
9
Let b(v) = -v**2 - 6*v + 8. Let q be b(-6). Let m be (-12)/(-48) - (-26)/(-8). Let o = m + q. What is the units digit of o?
5
What is the units digit of (-5007)/(-15) + 0 - 2/(-10)?
4
Suppose -3*p + 7*p - 44 = l, 4*p = 2*l + 44. Suppose -d - i + p = d, -3*d + 2*i + 34 = 0. What is the units digit of d?
8
Let d be ((-8)/(-6))/(1/30). Suppose 5*z - 100 = -2*j, -2*z + 4*j = -j - d. What is the tens digit of z?
2
Suppose 4*w = 2 + 10. Suppose 0*c + 3 = w*c. What is the units digit of c?
1
Let x(i) = i**2 + 7*i - 2. Let o be x(-5). Let l = -8 - o. Suppose l*v - v - 9 = 0. What is the units digit of v?
3
Let a be 4/((-4)/(-2*2)). Let x(l) = 2*l + 1. What is the units digit of x(a)?
9
Let u be (0 - 0)/(-3) + 0. Suppose -2*y + 3*r + 46 = u, 2*r = 3*y - 0*r - 59. What is the tens digit of y?
1
Suppose 4*i + 4*j = -2 - 2, 4*j = -4. Suppose 4*w = -i*w + 28. What is the units digit of w?
7
Suppose 7*g - 10*g - 4*w + 608 = 0, 0 = 4*g - 2*w - 840. What is the tens digit of g?
0
Let c(l) = 2*l + 1. Let d be c(-8). What is the units digit of 37/5 + 6/d?
7
Let x be (-12)/(-18)*3*2. Suppose 3*r - x*r = -49. What is the tens digit of r?
4
Suppose 4*t + s = 52, -5*t = 2*s + s - 72. Suppose -p = -0*p - t. Let o = -8 + p. What is the units digit of o?
4
Suppose 2 = 4*p - 14. Suppose 0*n + p*n - 4*s = 32, 0 = 2*s - 10. What is the units digit of n?
3
Let i be (-162)/24 - (-2)/(-8). Let a = i + 13. What is the units digit of a?
6
Let b = 5 - 3. Suppose 0*n + b*n = 0, -n = 4*t - 16. What is the units digit of t?
4
Let c = 94 - 55. What is the units digit of c?
9
Suppose 2*f - 7 + 1 = 0. Suppose -x = -0*w + w, w + 10 = -f*x. Suppose -2*m - 5 = -3*o, 5*m - 3*o - 35 = -w*o. What is the units digit of m?
5
Let j(o) = -35*o - 33. What is the tens digit of j(-6)?
7
Let h(c) = c**2 + c + 1. Let j be h(-1). Suppose -2*b - j = v - b, -4*v = b - 8. Suppose -2*g - 2 = -v*g. What is the units digit of g?
2
Let m be 10/(-4*(-2)/24). What is the units digit of (-2)/(4 - m/7)?
7
Let s(q) = 2*q**2 - q - 2. Suppose -4*k + 50 = k. Suppose 0 = 4*g + g + k. What is the units digit of s(g)?
8
Suppose x - 44 = 3*a + 2*x, 4*a - 5*x + 27 = 0. Let l = -4 - a. Let j = 2 + l. What is the tens digit of j?
1
Let u(x) = x + 5. What is the tens digit of u(7)?
1
Suppose -2*o = -2*p - 4, 22 = 3*p + 4*o - 0*o. Let h be ((-6)/(-5))/(p/20). What is the tens digit of (-1 - -16)*h/10?
1
Let g(z) = z. Let a(b) = 2*b**2 - 1. Let d(c) = a(c) - 3*g(c). What is the tens digit of d(-2)?
1
Let s be (186/(-4))/(2/4). Let l = 138 + s. Suppose -4*j - j + l = 0. What is the units digit of j?
9
Let u be (-2)/(-9) - (-133)/9. Suppose 6*l = l + u. Suppose 5*n - l*n = 6. What is the units digit of n?
3
Let i(r) = r**3 - 7*r**2 + 6*r - 2. Let u be i(6). What is the tens digit of u/(-8) + (-78)/(-8)?
1
Suppose 0 = -x - x + 104. What is the units digit of x?
2
Let o(s) = 10*s - 4. What is the tens digit of o(5)?
4
Suppose -3*z = -z + 2*x, 3*z - 4 = -5*x. What is the units digit of (2/z)/(2/(